{"id":431,"date":"2023-12-07T15:12:00","date_gmt":"2023-12-07T14:12:00","guid":{"rendered":"http:\/\/herr-aermel.de\/?page_id=431"},"modified":"2023-12-07T15:16:13","modified_gmt":"2023-12-07T14:16:13","slug":"ueber-mich","status":"publish","type":"page","link":"https:\/\/herr-aermel.de\/?page_id=431","title":{"rendered":"\u00fcber mich"},"content":{"rendered":"<p><img loading=\"lazy\" decoding=\"async\" class=\"alignnone wp-image-432 size-large\" src=\"http:\/\/herr-aermel.de\/wp-content\/uploads\/2023\/12\/20230615_200509-614x1024.jpg\" alt=\"\" width=\"614\" height=\"1024\" srcset=\"https:\/\/herr-aermel.de\/wp-content\/uploads\/2023\/12\/20230615_200509-614x1024.jpg 614w, https:\/\/herr-aermel.de\/wp-content\/uploads\/2023\/12\/20230615_200509-180x300.jpg 180w, https:\/\/herr-aermel.de\/wp-content\/uploads\/2023\/12\/20230615_200509-768x1280.jpg 768w, https:\/\/herr-aermel.de\/wp-content\/uploads\/2023\/12\/20230615_200509-921x1536.jpg 921w, https:\/\/herr-aermel.de\/wp-content\/uploads\/2023\/12\/20230615_200509-1229x2048.jpg 1229w, https:\/\/herr-aermel.de\/wp-content\/uploads\/2023\/12\/20230615_200509-scaled.jpg 1536w\" sizes=\"auto, (max-width: 614px) 100vw, 614px\" \/><\/p>\n<p><span style=\"color: #ffffff;\">Ragnar Gischas<\/span><br \/>\n<span style=\"color: #ffffff;\">24.07.1971<\/span><\/p>\n<p><span style=\"color: #ffffff;\">Seit \u00fcber 25 Jahren arbeite ich mittlerweile im<\/span><br \/>\n<span style=\"color: #ffffff;\">Bereich der k\u00fcnstlerischen Fotografie.Thema<\/span><br \/>\n<span style=\"color: #ffffff;\">ist in erster Linie der Mensch im Bereich der<\/span><br \/>\n<span style=\"color: #ffffff;\">monochromen Portrait-und Aktfotografie.<\/span><\/p>\n<p><span style=\"color: #ffffff;\">In diesen Bereichen habe ich zahlreiche Einzel-<\/span><br \/>\n<span style=\"color: #ffffff;\">und Gruppenausstellungen, sowie<\/span><br \/>\n<span style=\"color: #ffffff;\">Publikationen gehabt.<\/span><\/p>\n<p><span style=\"color: #ffffff;\">Zunehmend besch\u00e4ftige ich aber auch mit<\/span><br \/>\n<span style=\"color: #ffffff;\">farbigen Eindr\u00fccken meiner Umwelt.<\/span><\/p>\n<p><span style=\"color: #ffffff;\">In 2023 habe ich mich entschieden meinen<\/span><br \/>\n<span style=\"color: #ffffff;\">Traum zu verwirklichen und ein kleines<\/span><br \/>\n<span style=\"color: #ffffff;\">Ladenatelier zu er\u00f6ffnen, um in sch\u00f6ner<\/span><br \/>\n<span style=\"color: #ffffff;\">Atmosph\u00e4re arbeiten und meine Arbeit<\/span><br \/>\n<span style=\"color: #ffffff;\">pr\u00e4sentieren zu k\u00f6nnen.<\/span><\/p>\n","protected":false},"excerpt":{"rendered":"<p>Ragnar Gischas 24.07.1971 Seit \u00fcber 25 Jahren arbeite ich mittlerweile im Bereich der k\u00fcnstlerischen Fotografie.Thema ist in erster Linie der Mensch im Bereich der monochromen Portrait-und Aktfotografie. In diesen Bereichen<\/p>\n<p class=\"more-link\"><a href=\"https:\/\/herr-aermel.de\/?page_id=431\" class=\"readmore\">Continue reading&#8230;<span class=\"screen-reader-text\">\u00fcber mich<\/span><\/a><\/p>\n","protected":false},"author":1,"featured_media":0,"parent":0,"menu_order":0,"comment_status":"closed","ping_status":"closed","template":"","meta":{"footnotes":""},"class_list":["post-431","page","type-page","status-publish","hentry"],"yoast_head":"<!-- This site is optimized with the Yoast SEO plugin v21.5 - https:\/\/yoast.com\/wordpress\/plugins\/seo\/ -->\n<title>\u00fcber mich - herr \u00e4rmel<\/title>\n<meta name=\"robots\" content=\"index, follow, max-snippet:-1, max-image-preview:large, max-video-preview:-1\" \/>\n<link rel=\"canonical\" href=\"https:\/\/herr-aermel.de\/?page_id=431\" \/>\n<meta property=\"og:locale\" content=\"de_DE\" \/>\n<meta property=\"og:type\" content=\"article\" \/>\n<meta property=\"og:title\" content=\"\u00fcber mich - herr \u00e4rmel\" \/>\n<meta property=\"og:description\" content=\"Ragnar Gischas 24.07.1971 Seit \u00fcber 25 Jahren arbeite ich mittlerweile im Bereich der k\u00fcnstlerischen Fotografie.Thema ist in erster Linie der Mensch im Bereich der monochromen Portrait-und Aktfotografie. In diesen BereichenContinue reading...\u00fcber mich\" \/>\n<meta property=\"og:url\" content=\"https:\/\/herr-aermel.de\/?page_id=431\" \/>\n<meta property=\"og:site_name\" content=\"herr \u00e4rmel\" \/>\n<meta property=\"article:publisher\" content=\"https:\/\/www.facebook.com\/ragnar.gischas\" \/>\n<meta property=\"article:modified_time\" content=\"2023-12-07T14:16:13+00:00\" \/>\n<meta property=\"og:image\" content=\"http:\/\/herr-aermel.de\/wp-content\/uploads\/2023\/12\/20230615_200509-614x1024.jpg\" \/>\n<meta name=\"twitter:card\" content=\"summary_large_image\" \/>\n<meta name=\"twitter:label1\" content=\"Gesch\u00e4tzte Lesezeit\" \/>\n\t<meta name=\"twitter:data1\" content=\"1\u00a0Minute\" \/>\n<script type=\"application\/ld+json\" class=\"yoast-schema-graph\">{\"@context\":\"https:\/\/schema.org\",\"@graph\":[{\"@type\":\"WebPage\",\"@id\":\"https:\/\/herr-aermel.de\/?page_id=431\",\"url\":\"https:\/\/herr-aermel.de\/?page_id=431\",\"name\":\"\u00fcber mich - herr \u00e4rmel\",\"isPartOf\":{\"@id\":\"https:\/\/herr-aermel.de\/#website\"},\"datePublished\":\"2023-12-07T14:12:00+00:00\",\"dateModified\":\"2023-12-07T14:16:13+00:00\",\"breadcrumb\":{\"@id\":\"https:\/\/herr-aermel.de\/?page_id=431#breadcrumb\"},\"inLanguage\":\"de\",\"potentialAction\":[{\"@type\":\"ReadAction\",\"target\":[\"https:\/\/herr-aermel.de\/?page_id=431\"]}]},{\"@type\":\"BreadcrumbList\",\"@id\":\"https:\/\/herr-aermel.de\/?page_id=431#breadcrumb\",\"itemListElement\":[{\"@type\":\"ListItem\",\"position\":1,\"name\":\"Home\",\"item\":\"http:\/\/herr-aermel.de\/\"},{\"@type\":\"ListItem\",\"position\":2,\"name\":\"\u00fcber mich\"}]},{\"@type\":\"WebSite\",\"@id\":\"https:\/\/herr-aermel.de\/#website\",\"url\":\"https:\/\/herr-aermel.de\/\",\"name\":\"herr \u00e4rmel\",\"description\":\"atelier f\u00fcr fotografie und mehr...\",\"publisher\":{\"@id\":\"https:\/\/herr-aermel.de\/#organization\"},\"potentialAction\":[{\"@type\":\"SearchAction\",\"target\":{\"@type\":\"EntryPoint\",\"urlTemplate\":\"https:\/\/herr-aermel.de\/?s={search_term_string}\"},\"query-input\":\"required name=search_term_string\"}],\"inLanguage\":\"de\"},{\"@type\":\"Organization\",\"@id\":\"https:\/\/herr-aermel.de\/#organization\",\"name\":\"herr \u00e4rmel\",\"url\":\"https:\/\/herr-aermel.de\/\",\"logo\":{\"@type\":\"ImageObject\",\"inLanguage\":\"de\",\"@id\":\"https:\/\/herr-aermel.de\/#\/schema\/logo\/image\/\",\"url\":\"https:\/\/herr-aermel.de\/wp-content\/uploads\/2023\/11\/logo_aermel_2.jpg\",\"contentUrl\":\"https:\/\/herr-aermel.de\/wp-content\/uploads\/2023\/11\/logo_aermel_2.jpg\",\"width\":150,\"height\":150,\"caption\":\"herr \u00e4rmel\"},\"image\":{\"@id\":\"https:\/\/herr-aermel.de\/#\/schema\/logo\/image\/\"},\"sameAs\":[\"https:\/\/www.facebook.com\/ragnar.gischas\",\"https:\/\/www.instagram.com\/ragnargischas\/\"]}]}<\/script>\n<!-- \/ Yoast SEO plugin. -->","yoast_head_json":{"title":"\u00fcber mich - herr \u00e4rmel","robots":{"index":"index","follow":"follow","max-snippet":"max-snippet:-1","max-image-preview":"max-image-preview:large","max-video-preview":"max-video-preview:-1"},"canonical":"https:\/\/herr-aermel.de\/?page_id=431","og_locale":"de_DE","og_type":"article","og_title":"\u00fcber mich - herr \u00e4rmel","og_description":"Ragnar Gischas 24.07.1971 Seit \u00fcber 25 Jahren arbeite ich mittlerweile im Bereich der k\u00fcnstlerischen Fotografie.Thema ist in erster Linie der Mensch im Bereich der monochromen Portrait-und Aktfotografie. In diesen BereichenContinue reading...\u00fcber mich","og_url":"https:\/\/herr-aermel.de\/?page_id=431","og_site_name":"herr \u00e4rmel","article_publisher":"https:\/\/www.facebook.com\/ragnar.gischas","article_modified_time":"2023-12-07T14:16:13+00:00","og_image":[{"url":"http:\/\/herr-aermel.de\/wp-content\/uploads\/2023\/12\/20230615_200509-614x1024.jpg"}],"twitter_card":"summary_large_image","twitter_misc":{"Gesch\u00e4tzte Lesezeit":"1\u00a0Minute"},"schema":{"@context":"https:\/\/schema.org","@graph":[{"@type":"WebPage","@id":"https:\/\/herr-aermel.de\/?page_id=431","url":"https:\/\/herr-aermel.de\/?page_id=431","name":"\u00fcber mich - herr \u00e4rmel","isPartOf":{"@id":"https:\/\/herr-aermel.de\/#website"},"datePublished":"2023-12-07T14:12:00+00:00","dateModified":"2023-12-07T14:16:13+00:00","breadcrumb":{"@id":"https:\/\/herr-aermel.de\/?page_id=431#breadcrumb"},"inLanguage":"de","potentialAction":[{"@type":"ReadAction","target":["https:\/\/herr-aermel.de\/?page_id=431"]}]},{"@type":"BreadcrumbList","@id":"https:\/\/herr-aermel.de\/?page_id=431#breadcrumb","itemListElement":[{"@type":"ListItem","position":1,"name":"Home","item":"http:\/\/herr-aermel.de\/"},{"@type":"ListItem","position":2,"name":"\u00fcber mich"}]},{"@type":"WebSite","@id":"https:\/\/herr-aermel.de\/#website","url":"https:\/\/herr-aermel.de\/","name":"herr \u00e4rmel","description":"atelier f\u00fcr fotografie und mehr...","publisher":{"@id":"https:\/\/herr-aermel.de\/#organization"},"potentialAction":[{"@type":"SearchAction","target":{"@type":"EntryPoint","urlTemplate":"https:\/\/herr-aermel.de\/?s={search_term_string}"},"query-input":"required name=search_term_string"}],"inLanguage":"de"},{"@type":"Organization","@id":"https:\/\/herr-aermel.de\/#organization","name":"herr \u00e4rmel","url":"https:\/\/herr-aermel.de\/","logo":{"@type":"ImageObject","inLanguage":"de","@id":"https:\/\/herr-aermel.de\/#\/schema\/logo\/image\/","url":"https:\/\/herr-aermel.de\/wp-content\/uploads\/2023\/11\/logo_aermel_2.jpg","contentUrl":"https:\/\/herr-aermel.de\/wp-content\/uploads\/2023\/11\/logo_aermel_2.jpg","width":150,"height":150,"caption":"herr \u00e4rmel"},"image":{"@id":"https:\/\/herr-aermel.de\/#\/schema\/logo\/image\/"},"sameAs":["https:\/\/www.facebook.com\/ragnar.gischas","https:\/\/www.instagram.com\/ragnargischas\/"]}]}},"_links":{"self":[{"href":"https:\/\/herr-aermel.de\/index.php?rest_route=\/wp\/v2\/pages\/431","targetHints":{"allow":["GET"]}}],"collection":[{"href":"https:\/\/herr-aermel.de\/index.php?rest_route=\/wp\/v2\/pages"}],"about":[{"href":"https:\/\/herr-aermel.de\/index.php?rest_route=\/wp\/v2\/types\/page"}],"author":[{"embeddable":true,"href":"https:\/\/herr-aermel.de\/index.php?rest_route=\/wp\/v2\/users\/1"}],"replies":[{"embeddable":true,"href":"https:\/\/herr-aermel.de\/index.php?rest_route=%2Fwp%2Fv2%2Fcomments&post=431"}],"version-history":[{"count":1,"href":"https:\/\/herr-aermel.de\/index.php?rest_route=\/wp\/v2\/pages\/431\/revisions"}],"predecessor-version":[{"id":434,"href":"https:\/\/herr-aermel.de\/index.php?rest_route=\/wp\/v2\/pages\/431\/revisions\/434"}],"wp:attachment":[{"href":"https:\/\/herr-aermel.de\/index.php?rest_route=%2Fwp%2Fv2%2Fmedia&parent=431"}],"curies":[{"name":"wp","href":"https:\/\/api.w.org\/{rel}","templated":true}]}}